[INFO] fetching crate bevy_mod_aseprite 0.4.0...
[INFO] checking bevy_mod_aseprite-0.4.0 against master#9610dfe5a9a731ced1ea4923ecbd0c57fe367898 for beta-170-4
[INFO] extracting crate bevy_mod_aseprite 0.4.0 into /workspace/builds/worker-5-tc1/source
[INFO] validating manifest of crates.io crate bevy_mod_aseprite 0.4.0 on toolchain 9610dfe5a9a731ced1ea4923ecbd0c57fe367898
[INFO] running `Command { std: CARGO_HOME="/workspace/cargo-home" RUSTUP_HOME="/workspace/rustup-home" "/workspace/cargo-home/bin/cargo" "+9610dfe5a9a731ced1ea4923ecbd0c57fe367898" "metadata" "--manifest-path" "Cargo.toml" "--no-deps", kill_on_drop: false }`
[INFO] started tweaking crates.io crate bevy_mod_aseprite 0.4.0
[INFO] finished tweaking crates.io crate bevy_mod_aseprite 0.4.0
[INFO] tweaked toml for crates.io crate bevy_mod_aseprite 0.4.0 written to /workspace/builds/worker-5-tc1/source/Cargo.toml
[INFO] crate crates.io crate bevy_mod_aseprite 0.4.0 already has a lockfile, it will not be regenerated
[INFO] running `Command { std: CARGO_HOME="/workspace/cargo-home" RUSTUP_HOME="/workspace/rustup-home" "/workspace/cargo-home/bin/cargo" "+9610dfe5a9a731ced1ea4923ecbd0c57fe367898" "fetch" "--manifest-path" "Cargo.toml", kill_on_drop: false }`
[INFO] [stderr]     Updating crates.io index
[INFO] [stderr]  Downloading crates ...
[INFO] [stderr]   Downloaded ndk v0.7.0
[INFO] [stderr]   Downloaded core-graphics v0.22.3
[INFO] [stderr]   Downloaded proc-macro-crate v1.3.1
[INFO] [stderr]   Downloaded num_enum v0.5.11
[INFO] [stderr]   Downloaded block2 v0.2.0-alpha.6
[INFO] [stderr]   Downloaded bytemuck v1.13.1
[INFO] [stderr]   Downloaded crossbeam-channel v0.5.7
[INFO] [stderr]   Downloaded accesskit_consumer v0.14.1
[INFO] [stderr]   Downloaded winnow v0.3.5
[INFO] [stderr]   Downloaded hassle-rs v0.9.0
[INFO] [stderr]   Downloaded com-rs v0.2.1
[INFO] [stderr]   Downloaded bytemuck_derive v1.4.0
[INFO] [stderr]   Downloaded bevy_aseprite_reader v0.1.1
[INFO] [stderr]   Downloaded bevy_utils v0.10.0
[INFO] [stderr]   Downloaded bevy v0.10.0
[INFO] [stderr]   Downloaded serde_derive v1.0.155
[INFO] [stderr]   Downloaded naga v0.11.0
[INFO] [stderr]   Downloaded bevy_audio v0.10.0
[INFO] [stderr]   Downloaded ogg v0.8.0
[INFO] [stderr]   Downloaded wgpu v0.15.1
[INFO] [stderr]   Downloaded kqueue v1.0.7
[INFO] [stderr]   Downloaded rectangle-pack v0.4.2
[INFO] [stderr]   Downloaded bevy_encase_derive v0.10.0
[INFO] [stderr]   Downloaded wgpu-core v0.15.1
[INFO] [stderr]   Downloaded gilrs-core v0.5.2
[INFO] [stderr]   Downloaded oboe-sys v0.5.0
[INFO] [stderr]   Downloaded alsa v0.7.0
[INFO] [stderr]   Downloaded cpal v0.15.0
[INFO] [stderr]   Downloaded bevy_mikktspace v0.10.0
[INFO] [stderr]   Downloaded bevy_animation v0.10.0
[INFO] [stderr]   Downloaded jni v0.19.0
[INFO] [stderr]   Downloaded nix v0.24.3
[INFO] [stderr]   Downloaded nix v0.25.1
[INFO] [stderr]   Downloaded glow v0.12.1
[INFO] [stderr]   Downloaded concurrent-queue v2.1.0
[INFO] [stderr]   Downloaded petgraph v0.6.3
[INFO] [stderr]   Downloaded toml_edit v0.19.5
[INFO] [stderr]   Downloaded io-kit-sys v0.2.0
[INFO] [stderr]   Downloaded urlencoding v2.1.2
[INFO] [stderr]   Downloaded console_error_panic_hook v0.1.7
[INFO] [stderr]   Downloaded fsevent-sys v4.1.0
[INFO] [stderr]   Downloaded ash v0.37.2+1.3.238
[INFO] [stderr]   Downloaded orbclient v0.3.43
[INFO] [stderr]   Downloaded winit v0.28.2
[INFO] [stderr]   Downloaded image v0.24.5
[INFO] [stderr]   Downloaded windows v0.44.0
[INFO] [stderr]   Downloaded metal v0.24.0
[INFO] [stderr]   Downloaded const_panic v0.2.7
[INFO] [stderr]   Downloaded radsort v0.1.0
[INFO] [stderr]   Downloaded windows v0.43.0
[INFO] [stderr]   Downloaded inotify v0.9.6
[INFO] [stderr]   Downloaded png v0.17.7
[INFO] [stderr]   Downloaded bumpalo v3.12.0
[INFO] [stderr]   Downloaded gpu-alloc v0.5.3
[INFO] [stderr]   Downloaded bevy_core_pipeline v0.10.0
[INFO] [stderr]   Downloaded twox-hash v1.6.3
[INFO] [stderr]   Downloaded futures-core v0.3.27
[INFO] [stderr]   Downloaded bit-set v0.5.3
[INFO] [stderr]   Downloaded xml-rs v0.8.4
[INFO] [stderr]   Downloaded anyhow v1.0.69
[INFO] [stderr]   Downloaded kqueue-sys v1.0.3
[INFO] [stderr]   Downloaded khronos-egl v4.1.0
[INFO] [stderr]   Downloaded hexf-parse v0.2.1
[INFO] [stderr]   Downloaded guillotiere v0.6.2
[INFO] [stderr]   Downloaded ab_glyph_rasterizer v0.1.8
[INFO] [stderr]   Downloaded async-executor v1.5.0
[INFO] [stderr]   Downloaded futures-io v0.3.27
[INFO] [stderr]   Downloaded num_enum_derive v0.5.11
[INFO] [stderr]   Downloaded ntapi v0.4.0
[INFO] [stderr]   Downloaded gpu-descriptor v0.2.3
[INFO] [stderr]   Downloaded widestring v0.5.1
[INFO] [stderr]   Downloaded glam v0.23.0
[INFO] [stderr]   Downloaded ndk-sys v0.4.1+23.1.7779620
[INFO] [stderr]   Downloaded bevy_gltf v0.10.0
[INFO] [stderr]   Downloaded bevy_pbr v0.10.0
[INFO] [stderr]   Downloaded bevy_render_macros v0.10.0
[INFO] [stderr]   Downloaded bevy_render v0.10.0
[INFO] [stderr]   Downloaded slotmap v1.0.6
[INFO] [stderr]   Downloaded renderdoc-sys v0.7.1
[INFO] [stderr]   Downloaded bevy_transform v0.10.0
[INFO] [stderr]   Downloaded bevy_ecs_macros v0.10.0
[INFO] [stderr]   Downloaded parking_lot_core v0.9.7
[INFO] [stderr]   Downloaded taffy v0.3.7
[INFO] [stderr]   Downloaded windows-implement v0.44.0
[INFO] [stderr]   Downloaded tracing-subscriber v0.3.16
[INFO] [stderr]   Downloaded bevy_utils_proc_macros v0.10.0
[INFO] [stderr]   Downloaded jobserver v0.1.26
[INFO] [stderr]   Downloaded ndk-context v0.1.1
[INFO] [stderr]   Downloaded toml_datetime v0.6.1
[INFO] [stderr]   Downloaded bindgen v0.61.0
[INFO] [stderr]   Downloaded coreaudio-sys v0.2.11
[INFO] [stderr]   Downloaded coreaudio-rs v0.11.2
[INFO] [stderr]   Downloaded dasp_sample v0.11.0
[INFO] [stderr]   Downloaded combine v4.6.6
[INFO] [stderr]   Downloaded jni v0.20.0
[INFO] [stderr]   Downloaded bevy_diagnostic v0.10.0
[INFO] [stderr]   Downloaded oboe v0.5.0
[INFO] [stderr]   Downloaded lewton v0.10.2
[INFO] [stderr]   Downloaded accesskit_windows v0.13.2
[INFO] [stderr]   Downloaded gilrs v0.10.1
[INFO] [stderr]   Downloaded bevy_gilrs v0.10.0
[INFO] [stderr]   Downloaded gltf-derive v1.1.0
[INFO] [stderr]   Downloaded gltf-json v1.1.0
[INFO] [stderr]   Downloaded gltf v1.1.0
[INFO] [stderr]   Downloaded ron v0.8.0
[INFO] [stderr]   Downloaded notify v5.1.0
[INFO] [stderr]   Downloaded bevy_asset v0.10.0
[INFO] [stderr]   Downloaded glyph_brush_layout v0.2.3
[INFO] [stderr]   Downloaded windows-interface v0.44.0
[INFO] [stderr]   Downloaded range-alloc v0.1.3
[INFO] [stderr]   Downloaded bevy_ecs v0.10.0
[INFO] [stderr]   Downloaded bevy_aseprite_derive v0.2.0
[INFO] [stderr]   Downloaded bevy_time v0.10.0
[INFO] [stderr]   Downloaded encase_derive_impl v0.5.0
[INFO] [stderr]   Downloaded encase_derive v0.5.0
[INFO] [stderr]   Downloaded hexasphere v8.1.0
[INFO] [stderr]   Downloaded pp-rs v0.2.1
[INFO] [stderr]   Downloaded wgpu-types v0.15.2
[INFO] [stderr]   Downloaded euclid v0.22.7
[INFO] [stderr]   Downloaded bevy_sprite v0.10.0
[INFO] [stderr]   Downloaded accesskit_winit v0.12.3
[INFO] [stderr]   Downloaded bevy_a11y v0.10.0
[INFO] [stderr]   Downloaded bevy_log v0.10.0
[INFO] [stderr]   Downloaded bevy_hierarchy v0.10.0
[INFO] [stderr]   Downloaded bevy_derive v0.10.0
[INFO] [stderr]   Downloaded async-lock v2.7.0
[INFO] [stderr]   Downloaded bevy_reflect_derive v0.10.0
[INFO] [stderr]   Downloaded objc2 v0.3.0-beta.3
[INFO] [stderr]   Downloaded ttf-parser v0.18.1
[INFO] [stderr]   Downloaded bevy_text v0.10.0
[INFO] [stderr]   Downloaded tracing-wasm v0.2.1
[INFO] [stderr]   Downloaded bevy_app v0.10.0
[INFO] [stderr]   Downloaded ktx2 v0.3.0
[INFO] [stderr]   Downloaded gpu-allocator v0.22.0
[INFO] [stderr]   Downloaded owned_ttf_parser v0.18.1
[INFO] [stderr]   Downloaded ab_glyph v0.2.20
[INFO] [stderr]   Downloaded bevy_ui v0.10.0
[INFO] [stderr]   Downloaded accesskit_macos v0.6.1
[INFO] [stderr]   Downloaded accesskit v0.10.1
[INFO] [stderr]   Downloaded bevy_ptr v0.10.0
[INFO] [stderr]   Downloaded serde v1.0.155
[INFO] [stderr]   Downloaded bevy_core v0.10.0
[INFO] [stderr]   Downloaded objc2-encode v2.0.0-pre.2
[INFO] [stderr]   Downloaded wayland-scanner v0.29.5
[INFO] [stderr]   Downloaded x11-dl v2.21.0
[INFO] [stderr]   Downloaded rodio v0.17.1
[INFO] [stderr]   Downloaded sysinfo v0.28.2
[INFO] [stderr]   Downloaded profiling v1.0.7
[INFO] [stderr]   Downloaded bevy_math v0.10.0
[INFO] [stderr]   Downloaded bevy_internal v0.10.0
[INFO] [stderr]   Downloaded bevy_scene v0.10.0
[INFO] [stderr]   Downloaded filetime v0.2.20
[INFO] [stderr]   Downloaded encase v0.5.0
[INFO] [stderr]   Downloaded ruzstd v0.2.4
[INFO] [stderr]   Downloaded d3d12 v0.6.0
[INFO] [stderr]   Downloaded spirv v0.2.0+1.5.4
[INFO] [stderr]   Downloaded wgpu-hal v0.15.3
[INFO] [stderr]   Downloaded wasm-bindgen-futures v0.4.34
[INFO] [stderr]   Downloaded bevy_tasks v0.10.0
[INFO] [stderr]   Downloaded bevy_input v0.10.0
[INFO] [stderr]   Downloaded bevy_macro_utils v0.10.0
[INFO] [stderr]   Downloaded erased-serde v0.3.25
[INFO] [stderr]   Downloaded bevy_reflect v0.10.0
[INFO] [stderr]   Downloaded uuid v1.3.0
[INFO] [stderr]   Downloaded bevy_window v0.10.0
[INFO] [stderr]   Downloaded android-properties v0.2.2
[INFO] [stderr]   Downloaded android-activity v0.4.1
[INFO] [stderr]   Downloaded block-sys v0.1.0-beta.1
[INFO] [stderr]   Downloaded objc-sys v0.2.0-beta.2
[INFO] [stderr]   Downloaded raw-window-handle v0.5.1
[INFO] [stderr]   Downloaded redox_syscall v0.3.4
[INFO] [stderr]   Downloaded bevy_winit v0.10.0
[INFO] running `Command { std: "docker" "create" "-v" "/var/lib/crater-agent-workspace/builds/worker-5-tc1/target:/opt/rustwide/target:rw,Z" "-v" "/var/lib/crater-agent-workspace/builds/worker-5-tc1/source:/opt/rustwide/workdir:ro,Z" "-v" "/var/lib/crater-agent-workspace/cargo-home:/opt/rustwide/cargo-home:ro,Z" "-v" "/var/lib/crater-agent-workspace/rustup-home:/opt/rustwide/rustup-home:ro,Z" "-e" "SOURCE_DIR=/opt/rustwide/workdir" "-e" "CARGO_TARGET_DIR=/opt/rustwide/target" "-e" "CARGO_HOME=/opt/rustwide/cargo-home" "-e" "RUSTUP_HOME=/opt/rustwide/rustup-home" "-w" "/opt/rustwide/workdir" "-m" "1610612736" "--user" "0:0" "--network" "none" "ghcr.io/rust-lang/crates-build-env/linux@sha256:19e73879b68f455e41552ea35293514db52ea292d993f571636dbffedb77a1ee" "/opt/rustwide/cargo-home/bin/cargo" "+9610dfe5a9a731ced1ea4923ecbd0c57fe367898" "metadata" "--no-deps" "--format-version=1", kill_on_drop: false }`
[INFO] [stdout] de7c6a63030f58b3bbb0d19eb8fcc1f85c31f13392846a4f589dce555119acce
[INFO] running `Command { std: "docker" "start" "-a" "de7c6a63030f58b3bbb0d19eb8fcc1f85c31f13392846a4f589dce555119acce", kill_on_drop: false }`
[INFO] running `Command { std: "docker" "inspect" "de7c6a63030f58b3bbb0d19eb8fcc1f85c31f13392846a4f589dce555119acce", kill_on_drop: false }`
[INFO] running `Command { std: "docker" "rm" "-f" "de7c6a63030f58b3bbb0d19eb8fcc1f85c31f13392846a4f589dce555119acce", kill_on_drop: false }`
[INFO] [stdout] de7c6a63030f58b3bbb0d19eb8fcc1f85c31f13392846a4f589dce555119acce
[INFO] running `Command { std: "docker" "create" "-v" "/var/lib/crater-agent-workspace/builds/worker-5-tc1/target:/opt/rustwide/target:rw,Z" "-v" "/var/lib/crater-agent-workspace/builds/worker-5-tc1/source:/opt/rustwide/workdir:ro,Z" "-v" "/var/lib/crater-agent-workspace/cargo-home:/opt/rustwide/cargo-home:ro,Z" "-v" "/var/lib/crater-agent-workspace/rustup-home:/opt/rustwide/rustup-home:ro,Z" "-e" "SOURCE_DIR=/opt/rustwide/workdir" "-e" "CARGO_TARGET_DIR=/opt/rustwide/target" "-e" "CARGO_INCREMENTAL=0" "-e" "RUST_BACKTRACE=full" "-e" "RUSTFLAGS=--cap-lints=forbid" "-e" "RUSTDOCFLAGS=--cap-lints=forbid" "-e" "CARGO_HOME=/opt/rustwide/cargo-home" "-e" "RUSTUP_HOME=/opt/rustwide/rustup-home" "-w" "/opt/rustwide/workdir" "-m" "1610612736" "--user" "0:0" "--network" "none" "ghcr.io/rust-lang/crates-build-env/linux@sha256:19e73879b68f455e41552ea35293514db52ea292d993f571636dbffedb77a1ee" "/opt/rustwide/cargo-home/bin/cargo" "+9610dfe5a9a731ced1ea4923ecbd0c57fe367898" "check" "--frozen" "--all" "--all-targets" "--message-format=json", kill_on_drop: false }`
[INFO] [stdout] 08eeb2b5ce1c811f86064eba6dec2bda52697ccacd7be7fc3b20035020a4e028
[INFO] running `Command { std: "docker" "start" "-a" "08eeb2b5ce1c811f86064eba6dec2bda52697ccacd7be7fc3b20035020a4e028", kill_on_drop: false }`
[INFO] [stderr]    Compiling proc-macro2 v1.0.51
[INFO] [stderr]    Compiling quote v1.0.23
[INFO] [stderr]    Compiling syn v1.0.109
[INFO] [stderr]    Compiling libc v0.2.140
[INFO] [stderr]    Compiling serde_derive v1.0.155
[INFO] [stderr]    Compiling serde v1.0.155
[INFO] [stderr]    Compiling indexmap v1.9.2
[INFO] [stderr]    Compiling thiserror v1.0.39
[INFO] [stderr]    Compiling ahash v0.7.6
[INFO] [stderr]    Compiling lock_api v0.4.9
[INFO] [stderr]    Compiling parking_lot_core v0.9.7
[INFO] [stderr]    Compiling cfg-if v1.0.0
[INFO] [stderr]    Compiling hashbrown v0.12.3
[INFO] [stderr]    Compiling winnow v0.3.5
[INFO] [stderr]    Compiling toml_datetime v0.6.1
[INFO] [stderr]    Compiling crossbeam-utils v0.8.15
[INFO] [stderr]    Compiling num-traits v0.2.15
[INFO] [stderr]     Checking fixedbitset v0.4.2
[INFO] [stderr]    Compiling log v0.4.17
[INFO] [stderr]     Checking tracing-core v0.1.30
[INFO] [stderr]    Compiling futures-core v0.3.27
[INFO] [stderr]    Compiling slab v0.4.8
[INFO] [stderr]     Checking instant v0.1.12
[INFO] [stderr]     Checking rustc-hash v1.1.0
[INFO] [stderr]     Checking concurrent-queue v2.1.0
[INFO] [stderr]     Checking fastrand v1.9.0
[INFO] [stderr]    Compiling erased-serde v0.3.25
[INFO] [stderr]     Checking futures-io v0.3.27
[INFO] [stderr]    Compiling bit-vec v0.6.3
[INFO] [stderr]     Checking futures-lite v1.12.0
[INFO] [stderr]     Checking getrandom v0.2.8
[INFO] [stderr]     Checking async-lock v2.7.0
[INFO] [stderr]    Compiling bit-set v0.5.3
[INFO] [stderr]     Checking async-channel v1.8.0
[INFO] [stderr]     Checking thread_local v1.1.7
[INFO] [stderr]     Checking bevy_ptr v0.10.0
[INFO] [stderr]     Checking downcast-rs v1.2.0
[INFO] [stderr]    Compiling pkg-config v0.3.26
[INFO] [stderr]     Checking regex-automata v0.1.10
[INFO] [stderr]    Compiling num-integer v0.1.45
[INFO] [stderr]     Checking overload v0.1.1
[INFO] [stderr]    Compiling crc32fast v1.3.2
[INFO] [stderr]    Compiling toml_edit v0.19.5
[INFO] [stderr]     Checking async-executor v1.5.0
[INFO] [stderr]    Compiling uuid v1.3.0
[INFO] [stderr]     Checking matchers v0.1.0
[INFO] [stderr]     Checking nu-ansi-term v0.46.0
[INFO] [stderr]     Checking bevy_tasks v0.10.0
[INFO] [stderr]     Checking sharded-slab v0.1.4
[INFO] [stderr]     Checking tracing-log v0.1.3
[INFO] [stderr]    Compiling num-rational v0.4.1
[INFO] [stderr]     Checking mio v0.8.6
[INFO] [stderr]     Checking raw-window-handle v0.5.1
[INFO] [stderr]     Checking crossbeam-channel v0.5.7
[INFO] [stderr]     Checking inotify-sys v0.1.5
[INFO] [stderr]     Checking libloading v0.7.4
[INFO] [stderr]    Compiling ash v0.37.2+1.3.238
[INFO] [stderr]     Checking termcolor v1.2.0
[INFO] [stderr]    Compiling anyhow v1.0.69
[INFO] [stderr]     Checking unicode-xid v0.2.4
[INFO] [stderr]    Compiling khronos-egl v4.1.0
[INFO] [stderr]     Checking unicode-width v0.1.10
[INFO] [stderr]     Checking same-file v1.0.6
[INFO] [stderr]     Checking adler v1.0.2
[INFO] [stderr]     Checking walkdir v2.3.2
[INFO] [stderr]     Checking codespan-reporting v0.11.1
[INFO] [stderr]     Checking miniz_oxide v0.6.2
[INFO] [stderr]     Checking pp-rs v0.2.1
[INFO] [stderr]     Checking inotify v0.9.6
[INFO] [stderr]     Checking spirv v0.2.0+1.5.4
[INFO] [stderr]     Checking filetime v0.2.20
[INFO] [stderr]     Checking sysinfo v0.28.2
[INFO] [stderr]     Checking gpu-alloc-types v0.2.0
[INFO] [stderr]     Checking gpu-descriptor-types v0.1.1
[INFO] [stderr]     Checking hexf-parse v0.2.1
[INFO] [stderr]     Checking arrayvec v0.7.2
[INFO] [stderr]     Checking gpu-alloc v0.5.3
[INFO] [stderr]     Checking notify v5.1.0
[INFO] [stderr]     Checking flate2 v1.0.25
[INFO] [stderr]     Checking fxhash v0.2.1
[INFO] [stderr]     Checking wgpu-types v0.15.2
[INFO] [stderr]     Checking glow v0.12.1
[INFO] [stderr]     Checking static_assertions v1.1.0
[INFO] [stderr]     Checking renderdoc-sys v0.7.1
[INFO] [stderr]     Checking profiling v1.0.7
[INFO] [stderr]     Checking png v0.17.7
[INFO] [stderr]     Checking color_quant v1.1.0
[INFO] [stderr]     Checking scoped_threadpool v0.1.9
[INFO] [stderr]     Checking twox-hash v1.6.3
[INFO] [stderr]     Checking const_panic v0.2.7
[INFO] [stderr]     Checking ruzstd v0.2.4
[INFO] [stderr]    Compiling bevy_macro_utils v0.10.0
[INFO] [stderr]    Compiling encase_derive_impl v0.5.0
[INFO] [stderr]     Checking ktx2 v0.3.0
[INFO] [stderr]    Compiling alsa-sys v0.3.1
[INFO] [stderr]    Compiling xml-rs v0.8.4
[INFO] [stderr]     Checking radsort v0.1.0
[INFO] [stderr]    Compiling libudev-sys v0.1.4
[INFO] [stderr]    Compiling x11-dl v2.21.0
[INFO] [stderr]    Compiling serde_json v1.0.94
[INFO] [stderr]     Checking ttf-parser v0.18.1
[INFO] [stderr]    Compiling cfg_aliases v0.1.1
[INFO] [stderr]    Compiling wayland-scanner v0.29.5
[INFO] [stderr]     Checking approx v0.5.1
[INFO] [stderr]     Checking euclid v0.22.7
[INFO] [stderr]     Checking nix v0.24.3
[INFO] [stderr]    Compiling slotmap v1.0.6
[INFO] [stderr]    Compiling cpal v0.15.0
[INFO] [stderr]     Checking ab_glyph_rasterizer v0.1.8
[INFO] [stderr]     Checking svg_fmt v0.4.1
[INFO] [stderr]    Compiling inflections v1.1.1
[INFO] [stderr]     Checking accesskit v0.10.1
[INFO] [stderr]     Checking alsa v0.7.0
[INFO] [stderr]     Checking guillotiere v0.6.2
[INFO] [stderr]     Checking ogg v0.8.0
[INFO] [stderr]     Checking nix v0.25.1
[INFO] [stderr]     Checking vec_map v0.8.2
[INFO] [stderr]     Checking rectangle-pack v0.4.2
[INFO] [stderr]    Compiling gilrs v0.10.1
[INFO] [stderr]    Compiling winit v0.28.2
[INFO] [stderr]     Checking owned_ttf_parser v0.18.1
[INFO] [stderr]     Checking base64 v0.13.1
[INFO] [stderr]     Checking ab_glyph v0.2.20
[INFO] [stderr]     Checking xi-unicode v0.3.0
[INFO] [stderr]     Checking dasp_sample v0.11.0
[INFO] [stderr]     Checking glyph_brush_layout v0.2.3
[INFO] [stderr]    Compiling memchr v2.5.0
[INFO] [stderr]     Checking lewton v0.10.2
[INFO] [stderr]     Checking urlencoding v2.1.2
[INFO] [stderr]    Compiling once_cell v1.17.1
[INFO] [stderr]    Compiling thiserror-impl v1.0.39
[INFO] [stderr]    Compiling bytemuck_derive v1.4.0
[INFO] [stderr]    Compiling tracing-attributes v0.1.23
[INFO] [stderr]    Compiling bevy_utils_proc_macros v0.10.0
[INFO] [stderr]    Compiling bevy_reflect_derive v0.10.0
[INFO] [stderr]    Compiling bevy_ecs_macros v0.10.0
[INFO] [stderr]     Checking bytemuck v1.13.1
[INFO] [stderr]    Compiling bevy_derive v0.10.0
[INFO] [stderr]     Checking image v0.24.5
[INFO] [stderr]     Checking tracing v0.1.37
[INFO] [stderr]    Compiling encase_derive v0.5.0
[INFO] [stderr]    Compiling bevy_render_macros v0.10.0
[INFO] [stderr]    Compiling bevy_encase_derive v0.10.0
[INFO] [stderr]    Compiling gltf-derive v1.1.0
[INFO] [stderr]     Checking taffy v0.3.7
[INFO] [stderr]    Compiling minimal-lexical v0.2.1
[INFO] [stderr]    Compiling pin-project-lite v0.2.9
[INFO] [stderr]    Compiling byteorder v1.4.3
[INFO] [stderr]    Compiling nom v7.1.3
[INFO] [stderr]     Checking accesskit_winit v0.12.3
[INFO] [stderr]    Compiling proc-macro-error-attr v1.0.4
[INFO] [stderr]    Compiling proc-macro-error v1.0.4
[INFO] [stderr]    Compiling bevy_aseprite_reader v0.1.1
[INFO] [stderr]    Compiling bevy_aseprite_derive v0.2.0
[INFO] [stderr]     Checking smallvec v1.10.0
[INFO] [stderr]     Checking glam v0.23.0
[INFO] [stderr]     Checking ron v0.8.0
[INFO] [stderr]     Checking tracing-subscriber v0.3.16
[INFO] [stderr]     Checking gilrs-core v0.5.2
[INFO] [stderr]     Checking parking_lot v0.12.1
[INFO] [stderr]     Checking gpu-descriptor v0.2.3
[INFO] [stderr]     Checking gltf-json v1.1.0
[INFO] [stderr]     Checking rodio v0.17.1
[INFO] [stderr]     Checking petgraph v0.6.3
[INFO] [stderr]     Checking bevy_math v0.10.0
[INFO] [stderr]     Checking hexasphere v8.1.0
[INFO] [stderr]     Checking encase v0.5.0
[INFO] [stderr]     Checking bevy_mikktspace v0.10.0
[INFO] [stderr]     Checking bevy_utils v0.10.0
[INFO] [stderr]     Checking naga v0.11.0
[INFO] [stderr]     Checking bevy_reflect v0.10.0
[INFO] [stderr]     Checking gltf v1.1.0
[INFO] [stderr]     Checking bevy_ecs v0.10.0
[INFO] [stderr]     Checking wgpu-hal v0.15.3
[INFO] [stderr]     Checking wgpu-core v0.15.1
[INFO] [stderr]     Checking bevy_app v0.10.0
[INFO] [stderr]     Checking bevy_core v0.10.0
[INFO] [stderr]     Checking bevy_log v0.10.0
[INFO] [stderr]     Checking bevy_time v0.10.0
[INFO] [stderr]     Checking bevy_input v0.10.0
[INFO] [stderr]     Checking bevy_a11y v0.10.0
[INFO] [stderr]     Checking bevy_hierarchy v0.10.0
[INFO] [stderr]     Checking bevy_transform v0.10.0
[INFO] [stderr]     Checking bevy_diagnostic v0.10.0
[INFO] [stderr]     Checking bevy_asset v0.10.0
[INFO] [stderr]     Checking bevy_window v0.10.0
[INFO] [stderr]     Checking bevy_gilrs v0.10.0
[INFO] [stderr]     Checking bevy_animation v0.10.0
[INFO] [stderr]     Checking bevy_audio v0.10.0
[INFO] [stderr]     Checking wgpu v0.15.1
[INFO] [stderr]     Checking bevy_winit v0.10.0
[INFO] [stderr]     Checking bevy_render v0.10.0
[INFO] [stderr]     Checking bevy_core_pipeline v0.10.0
[INFO] [stderr]     Checking bevy_scene v0.10.0
[INFO] [stderr]     Checking bevy_sprite v0.10.0
[INFO] [stderr]     Checking bevy_pbr v0.10.0
[INFO] [stderr]     Checking bevy_text v0.10.0
[INFO] [stderr]     Checking bevy_ui v0.10.0
[INFO] [stderr]     Checking bevy_gltf v0.10.0
[INFO] [stderr]     Checking bevy_internal v0.10.0
[INFO] [stderr]     Checking bevy v0.10.0
[INFO] [stderr]     Checking bevy_mod_aseprite v0.4.0 (/opt/rustwide/workdir)
[INFO] [stdout] error: Could not load file.
[INFO] [stdout]  --> examples/aseprite.rs:9:27
[INFO] [stdout]   |
[INFO] [stdout] 9 |     aseprite!(pub Player, "player.ase");
[INFO] [stdout]   |                           ^^^^^^^^^^^^
[INFO] [stdout]   |
[INFO] [stdout]   = note: An IO error occured
[INFO] [stdout] 
[INFO] [stdout] 
[INFO] [stdout] error[E0433]: failed to resolve: could not find `Player` in `sprites`
[INFO] [stdout]   --> examples/aseprite.rs:51:63
[INFO] [stdout]    |
[INFO] [stdout] 51 |     let player: Handle<Aseprite> = asset_server.load(sprites::Player::PATH);
[INFO] [stdout]    |                                                               ^^^^^^ could not find `Player` in `sprites`
[INFO] [stdout] 
[INFO] [stdout] 
[INFO] [stdout] error[E0433]: failed to resolve: could not find `Player` in `sprites`
[INFO] [stdout]   --> examples/aseprite.rs:76:70
[INFO] [stdout]    |
[INFO] [stdout] 76 |     let animation = AsepriteAnimation::new(aseprite.info(), sprites::Player::tags::STAND);
[INFO] [stdout]    |                                                                      ^^^^^^ could not find `Player` in `sprites`
[INFO] [stdout] 
[INFO] [stdout] 
[INFO] [stdout] error[E0433]: failed to resolve: could not find `Player` in `sprites`
[INFO] [stdout]    --> examples/aseprite.rs:263:37
[INFO] [stdout]     |
[INFO] [stdout] 263 |             Self::Stand => sprites::Player::tags::STAND,
[INFO] [stdout]     |                                     ^^^^^^ could not find `Player` in `sprites`
[INFO] [stdout] 
[INFO] [stdout] 
[INFO] [stdout] error[E0433]: failed to resolve: could not find `Player` in `sprites`
[INFO] [stdout]    --> examples/aseprite.rs:264:36
[INFO] [stdout]     |
[INFO] [stdout] 264 |             Self::Move => sprites::Player::tags::MOVE,
[INFO] [stdout]     |                                    ^^^^^^ could not find `Player` in `sprites`
[INFO] [stdout] 
[INFO] [stdout] 
[INFO] [stdout] error[E0433]: failed to resolve: could not find `Player` in `sprites`
[INFO] [stdout]    --> examples/aseprite.rs:265:38
[INFO] [stdout]     |
[INFO] [stdout] 265 |             Self::Attack => sprites::Player::tags::ATTACK,
[INFO] [stdout]     |                                      ^^^^^^ could not find `Player` in `sprites`
[INFO] [stdout] 
[INFO] [stdout] 
[INFO] [stdout] error: aborting due to 6 previous errors
[INFO] [stdout] 
[INFO] [stdout] 
[INFO] [stdout] For more information about this error, try `rustc --explain E0433`.
[INFO] [stdout] 
[INFO] [stderr] error: could not compile `bevy_mod_aseprite` (example "aseprite") due to 7 previous errors
[INFO] running `Command { std: "docker" "inspect" "08eeb2b5ce1c811f86064eba6dec2bda52697ccacd7be7fc3b20035020a4e028", kill_on_drop: false }`
[INFO] running `Command { std: "docker" "rm" "-f" "08eeb2b5ce1c811f86064eba6dec2bda52697ccacd7be7fc3b20035020a4e028", kill_on_drop: false }`
[INFO] [stdout] 08eeb2b5ce1c811f86064eba6dec2bda52697ccacd7be7fc3b20035020a4e028
